{"id":7,"date":"2022-03-07T17:13:06","date_gmt":"2022-03-07T16:13:06","guid":{"rendered":"https:\/\/isdeia.fr\/?page_id=7"},"modified":"2022-03-16T11:20:00","modified_gmt":"2022-03-16T10:20:00","slug":"accompagnement-et-conseil-en-ingenierie-sociale","status":"publish","type":"page","link":"https:\/\/isdeia.fr\/","title":{"rendered":""},"content":{"rendered":"\n<p>\u00c0 travers Isdeia, je propose de l\u2019accompagnement et du conseil en ing\u00e9nierie sociale aupr\u00e8s des organisations du social et du m\u00e9dico-social implant\u00e9es en Bretagne et en Pays de la Loire.<\/p>\n\n\n\n<p>D\u00e9velopper un projet, d\u00e9ployer une politique publique, s\u2019accorder sur un partenariat, comprendre les besoins r\u00e9els de ses publics, engager ses \u00e9quipes dans les \u00e9volutions\u2026en tant que directeurs\u22c5rices du social et du m\u00e9dico-social, vous avez quelquefois besoin de soutien dans vos missions.<\/p>\n\n\n\n<p>En tant qu\u2019ing\u00e9nieure sociale, je vous accompagne pour faire \u00e9merger les solutions les plus pertinentes en m\u2019appuyant sur les possibilit\u00e9s de votre organisation, de vos \u00e9quipes, de vos publics et de vos partenaires.<\/p>\n\n\n\n<p>Pour cela, je m\u2019appuie sur mon exp\u00e9rience pluri-professionnelle aupr\u00e8s des collectivit\u00e9s et des associations ainsi que mon parcours de formation valid\u00e9 en communication, conduite de projets, sociologie et ing\u00e9nierie sociale.<\/p>\n\n\n\n<p>Pour r\u00e9pondre au mieux \u00e0 vos besoins, j\u2019emploie diff\u00e9rentes m\u00e9thodologies d\u2019intervention :  <\/p>\n\n\n\n<ul class=\"wp-block-list\"><li>appui\/conseil<\/li><li>diagnostic\/\u00e9tudes\u00a0;<\/li><li>ing\u00e9nierie de projets,<\/li><li>animation ou formation autour de th\u00e9matiques rep\u00e9r\u00e9es \u2026 <\/li><\/ul>\n\n\n\n<p>Je peux \u00e9galement faire appel \u00e0 des professionnels ayant une approche compl\u00e9mentaire pour vous apporter une r\u00e9ponse plus compl\u00e8te.<\/p>\n\n\n\n<p>Cr\u00e9ativit\u00e9, coop\u00e9ration et agilit\u00e9 sont les ma\u00eetres-mots de mon activit\u00e9 !<\/p>\n\n\n\n<p>N\u2019h\u00e9sitez pas \u00e0 me solliciter pour tout projet ou souhait d\u2019intervention.<\/p>\n\n\n\n<p class=\"has-text-align-center\">Manon Rivaud<br>06 79 86 98 93<br>contact@isdeia.fr<\/p>\n\n\n\n<p><\/p>\n\n\n\n<p><a href=\"http:\/\/cooperer-paysdelaloire.coop\/annuaire\/\"><\/a><\/p>\n","protected":false},"excerpt":{"rendered":"<p>\u00c0 travers Isdeia, je propose de l\u2019accompagnement et du conseil en ing\u00e9nierie sociale aupr\u00e8s des organisations du social et du m\u00e9dico-social implant\u00e9es en Bretagne et en Pays de la Loire. D\u00e9velopper un projet, d\u00e9ployer une politique publique, s\u2019accorder sur un partenariat, comprendre les besoins r\u00e9els de ses publics, engager ses \u00e9quipes dans les \u00e9volutions\u2026en tant &hellip;<\/p>\n<p class=\"read-more\"> <a class=\"\" href=\"https:\/\/isdeia.fr\/\">  Lire la suite\u00a0\u00bb<\/a><\/p>\n","protected":false},"author":1,"featured_media":0,"parent":0,"menu_order":0,"comment_status":"closed","ping_status":"closed","template":"","meta":{"site-sidebar-layout":"default","site-content-layout":"default","ast-main-header-display":"","ast-hfb-above-header-display":"","ast-hfb-below-header-display":"","ast-hfb-mobile-header-display":"","site-post-title":"","ast-breadcrumbs-content":"","ast-featured-img":"","footer-sml-layout":"","theme-transparent-header-meta":"","adv-header-id-meta":"","stick-header-meta":"","header-above-stick-meta":"","header-main-stick-meta":"","header-below-stick-meta":"","footnotes":""},"class_list":["post-7","page","type-page","status-publish","hentry"],"_links":{"self":[{"href":"https:\/\/isdeia.fr\/index.php?rest_route=\/wp\/v2\/pages\/7","targetHints":{"allow":["GET"]}}],"collection":[{"href":"https:\/\/isdeia.fr\/index.php?rest_route=\/wp\/v2\/pages"}],"about":[{"href":"https:\/\/isdeia.fr\/index.php?rest_route=\/wp\/v2\/types\/page"}],"author":[{"embeddable":true,"href":"https:\/\/isdeia.fr\/index.php?rest_route=\/wp\/v2\/users\/1"}],"replies":[{"embeddable":true,"href":"https:\/\/isdeia.fr\/index.php?rest_route=%2Fwp%2Fv2%2Fcomments&post=7"}],"version-history":[{"count":6,"href":"https:\/\/isdeia.fr\/index.php?rest_route=\/wp\/v2\/pages\/7\/revisions"}],"predecessor-version":[{"id":116,"href":"https:\/\/isdeia.fr\/index.php?rest_route=\/wp\/v2\/pages\/7\/revisions\/116"}],"wp:attachment":[{"href":"https:\/\/isdeia.fr\/index.php?rest_route=%2Fwp%2Fv2%2Fmedia&parent=7"}],"curies":[{"name":"wp","href":"https:\/\/api.w.org\/{rel}","templated":true}]}}